 64. Let k be q(-4). Calculate the highest common factor of 156 and k.
52
Let j(d) = -2*d - 5. Let p be j(5). Let f = 48 + p. Suppose 81 = 26*h - 6*h + 7*h. Calculate the highest common divisor of h and f.
3
Suppose 4*l = -2*y + 8, 2*l + 2*l = -y + 8. What is the greatest common factor of 14 and l?
2
Let h(y) = y**2 + 2*y - 119. Let u be h(11). What is the highest common factor of 648 and u?
24
Let b be 72/63 - 2/14. Let s(d) = 12*d**3 + d**2 - d. Let l be s(b). Calculate the greatest common factor of 12 and l.
12
Let x be (-2)/(12/(-45))*12/9. Calculate the highest common divisor of 10 and x.
10
Let x(y) = 2*y**2 + 15*y + 37. Let u be x(-4). Calculate the highest common factor of u and 153.
9
Let k be (64/(-36)*3)/((-6)/36). Let g be (-2437)/(-9) - (-2)/9. Let c = g + -191. Calculate the greatest common divisor of k and c.
16
Let g(j) = 7*j + 61. Let f(c) = -1. Let n(q) = 2*f(q) + g(q). Let v be n(-7). What is the greatest common divisor of 6 and v?
2
Suppose 5*j + 3 = 28. Suppose -5*r - o - 29 = 0, o - 5 = r + 2. Let t(z) = z + 7. Let m be t(r). Calculate the greatest common factor of m and j.
1
Let z = 7 - 5. Suppose -2*p + 2*b + 6 = 0, 4*b - 2*b + 8 = 3*p. Calculate the greatest common factor of p and z.
2
Let a(y) = 6*y**2 + 18*y - 95. Let n be a(-7). What is the highest common factor of n and 3869?
73
Let b be (-99)/((-12)/16*2). Suppose 0*y - 3*l = 3*y - b, y - 18 = -3*l. What is the highest common factor of y and 24?
24
Let l(b) = 2*b + 119. Let v(m) = m + 79. Let x(r) = -5*l(r) + 8*v(r). Let h be x(-20). What is the greatest common factor of h and 11?
11
Let v(j) = -3*j**3 - 5*j**2 + 10*j**2 + 81 + 4*j - 76 + 2*j**3. Let r be v(4). Calculate the highest common factor of 407 and r.
37
Let q be 12/32 + -5 + (-2986)/(-16). Calculate the greatest common divisor of q and 442.
26
Let k = -753 - -759. What is the greatest common divisor of 39 and k?
3
Let c = -6 - -10. Let w be (23 - 8)/45*108. What is the greatest common divisor of w and c?
4
Let z = 15 - 15. Suppose 5*d - 18 + 3 = z. Suppose s = 2*s + j - 34, d*j = 5*s - 194. Calculate the greatest common factor of 111 and s.
37
Let p be (5740/21)/5 - 3/(-9). Calculate the highest common divisor of p and 20.
5
Let f(r) = -r**3 + 8*r**2 - 10*r + 3. Let v be f(4). Let j be 0 + 3 - (-4)/(4/v). What is the greatest common factor of 240 and j?
30
Let j(t) = 3 - 2*t + 11*t - 7*t. Let s be j(-9). Let z = 23 + s. What is the greatest common divisor of 20 and z?
4
Suppose -53 + 809 = 14*t. Let l = 7 - -11. Calculate the greatest common factor of l and t.
18
Let t be 0 + 2 - (-5 + (-12 - 51)). Calculate the greatest common divisor of t and 315.
35
Suppose -9*p + 15*p = 342. What is the greatest common factor of p and 76?
19
Let r = 63 + 99. Suppose -26 = -a - 0*a. Suppose 2*b - 10 = a. Calculate the greatest common factor of b and r.
18
Suppose -c + 4679 = 4*n, -2*c - 32 + 30 = 0. What is the greatest common factor of 90 and n?
90
Let y(p) = -29 + 1 - 9 - 10*p. Let h be y(-17). Calculate the greatest common factor of 19 and h.
19
Suppose -59 - 18 = -7*g. What is the highest common divisor of 209 and g?
11
Let u be 1*-2 - 88/(-4). Let m = 35 - u. Let w = m + 0. Calculate the greatest common divisor of 3 and w.
3
Suppose -4*z = -3*l - 0*l + 22, 18 = l - 4*z. Let f be (7/14)/(l/24). Calculate the highest common divisor of f and 18.
6
Let a(h) = 2*h**2 + 19*h. Let u be a(-13). Calculate the highest common factor of u and 26.
13
Let u be 24/(-10)*(405/(-6))/3. Suppose u = 4*c - c. What is the greatest common factor of 63 and c?
9
Suppose z = 5*q - 2, 0*z - 2*q - 10 = -4*z. Suppose -2*o + 78 = o + 4*a, z*o + 3*a = 75. What is the highest common factor of o and 11?
11
Let n(i) = 36*i - 15. Let g be n(4). What is the greatest common divisor of 86 and g?
43
Let p(t) = 8*t**2 - 3*t + 1. Let k be p(-2). Calculate the greatest common divisor of 143 and k.
13
Suppose 5*m - f = 3*f + 36, 4*m - f - 20 = 0. Let j be -8 + 6 + m - (0 + -4). What is the greatest common divisor of j and 42?
6
Let h = 842 - 811. Calculate the highest common divisor of 961 and h.
31
Suppose 0 = -5*q + 8 - 3, -5*q - 10 = -3*i. What is the greatest common factor of 545 and i?
5
Suppose 30*j = 4647 - 327. What is the greatest common factor of 162 and j?
18
Let q(s) = 18*s - 2. Let x(l) = -l - 1. Let y be (8/8)/((-1)/(-1)). Let k(t) = y*q(t) - x(t). Let a be k(1). What is the highest common factor of 144 and a?
18
Let n = -985 - -1023. What is the highest common divisor of n and 1786?
38
Let g = -899 - -914. Calculate the highest common factor of g and 450.
15
Let l = 85 - 83. Let v = l - -16. Let t(i) = -i**2 - 5*i. Let u be t(-3). Calculate the greatest common divisor of v and u.
6
Let b(n) = -3*n - 18. Let w be b(14). Let p = -13 - w. Suppose 0 = 3*d - 5*k - 56, p = 3*d - 2*k - 15. Calculate the highest common factor of 55 and d.
11
Let y be (-1)/4 - (-143)/(-52). Let b be (-1*y/(-3))/(1/(-34)). Calculate the highest common factor of 238 and b.
34
Let f = 9 + 10. Suppose -5*u + 1650 = -5*y, 2*u - 4*y - y - 675 = 0. Let x = u - 230. Calculate the highest common divisor of x and f.
19
Let z be 1/(-3) - 474/(-18). Let j(c) = 3*c - 2. Let y be j(2). Suppose y*b - 1129 = -4*a + b, -3*a + 833 = 5*b. Calculate the highest common factor of a and z.
26
Let j(c) = -c**2 + 13*c + 3. Let i be j(13). Calculate the highest common divisor of i and 24.
3
Let p be 6*(-1)/(-1) + 11. Let h = -31 - -99. Calculate the highest common factor of h and p.
17
Suppose 4*c + 4*z - 352 = 0, 29*c - 5*z = 28*c + 112. What is the highest common divisor of c and 161?
23
Let u = -456 - -711. Suppose 15*b = u + 270. What is the highest common divisor of b and 105?
35
Let r be -7 + 3 + 24 + 4. What is the highest common divisor of r and 204?
12
Suppose -3*n = -0*n - 12. Suppose n*u + 0*u + 16 = 0. Let k be 1/(u - 121/(-30)). Calculate the greatest common factor of k and 30.
30
Let m(o) = 10*o**2 + 18 - 5*o - 14 - 14 + 4*o**3 - 5*o**3. Let y be m(9). What is the greatest common factor of 26 and y?
26
Suppose 0 = 5*f - 2*f - 12. Suppose -3*x + 8*x = -3*i + 16, 3*i + f = 5*x. Calculate the greatest common factor of x and 14.
2
Suppose i - 1052 = -4*u, 2*u - 4*i + 248 = 3*u. Calculate the highest common divisor of 165 and u.
33
Let f = -197 - -281. Suppose o = -0*o + f. Suppose -57 - 27 = -3*g. Calculate the greatest common factor of o and g.
28
Let j(c) = -c**3 - 18*c**2 + 57*c + 50. Let h be j(-21). What is the greatest common divisor of h and 44?
44
Let g(v) = -2*v + 4. Let w be g(-8). Suppose w = 5*s - 2*u, u = s + 2*u - 11. Let b be ((-16)/s - -1)*-6. What is the greatest common factor of 50 and b?
10
Suppose 4*w + 3*v - 19 = 0, 2*v = 2*w - 25 + 5. Let j be -11 + 15 + (-3 - 0). What is the greatest common factor of j and w?
1
Suppose l - 5*l = 24. Let y be 7 + l - -29*3. Suppose 29 = 5*p - 81. Calculate the highest common factor of y and p.
22
Suppose 8*i - 6*i + 140 = 0. Let z be (8/(-10))/1*i. Calculate the highest common factor of 14 and z.
14
Let m(d) = 4*d - 16. Let o be m(4). Suppose o = -2*n + 4*y - 2, -2*n + 2*y - 6*y + 22 = 0. What is the greatest common divisor of n and 40?
5
Suppose 5*f + y = -2 - 9, -5*f + 5 = 5*y. Let t be 4 - (f/18 + (-44)/24). What is the highest common factor of 12 and t?
6
Let w(v) = -11*v - 7. Let d(a) = 12*a + 8. Let l(s) = 3*d(s) + 4*w(s). Let p be l(-2). What is the greatest common factor of p and 84?
12
Suppose -2*y = -4*p - 130, 0 = y - 4*p + 116 - 191. Calculate the greatest common divisor of 627 and y.
11
Let u(z) = 2*z - 4. Let p be u(3). Suppose -p*h + 4 + 84 = 0. Let c(t) = -2*t**2 + 13*t + 5. Let a be c(6). What is the greatest common factor of a and h?
11
Let f(a) = 8*a - 1. Let r be f(-1). Let d(l) = l**3 - 7*l + 8*l**2 + l - 8 + 6 - 6*l. Let u be d(r). What is the greatest common divisor of u and 5?
5
Let n(z) = -5*z - 11. Let q be n(-3). Suppose -q*x - 188 = -4*j - 0*x, 0 = j + 5*x - 53. What is the greatest common factor of 120 and j?
24
Let q be (8/(192/102 + -2))/(-2). Suppose 16 = -y + 67. Let w be -2 - -3 - (1 - y). What is the greatest common divisor of w and q?
17
Suppose 0 = 5*d - 40*b + 44*b - 3625, -2*b = 0. Calculate the highest common factor of 58 and d.
29
Let n be 135 + (-3)/(-1) + -2. Let x = -18 + 18. S